s -42c6 (base 15) in base 12?
-8220
Convert 1100110 (base 2) to base 14.
74
60071 (base 8) to base 7
131550
What is 10ab (base 13) in base 4?
210202
What is -35 (base 14) in base 7?
-65
Convert 54152 (base 7) to base 11.
a12a
Convert -5564 (base 15) to base 5.
-1034334
-1669 (base 10) to base 14
-873
What is 352c (base 13) in base 15?
2334
Convert 5407 (base 12) to base 6.
110411
Convert -11203 (base 6) to base 10.
-1587
What is -11001111101101 (base 2) in base 11?
-9a95
70 (base 10) to base 14
50
What is -1200021 (base 4) in base 16?
-1809
Convert -134a (base 13) to base 9.
-3713
What is -857d (base 16) in base 5?
-2043143
1104213 (base 5) to base 12
b210
What is -3121 (base 5) in base 12?
-2a3
132 (base 16) to base 10
306
Convert -532 (base 7) to base 12.
-1a4
What is 12553 (base 11) in base 7?
103244
-292 (base 11) to base 3
-110201
Convert -4437 (base 9) to base 5.
-101044
What is -40434 (base 6) in base 9?
-7304
1303421 (base 6) to base 7
413245
What is 30b1 (base 12) in base 3?
21021221
Convert -5c87 (base 14) to base 8.
-37477
Convert 9a (base 15) to base 10.
145
11101100011 (base 2) to base 8
3543
456 (base 10) to base 6
2040
Convert -1130302 (base 4) to base 6.
-43254
298 (base 12) to base 6
1512
What is -43136 (base 10) in base 5?
-2340021
22216 (base 7) to base 6
41531
Convert -50451 (base 6) to base 4.
-1213333
Convert 995 (base 13) to base 6.
11335
What is -74 (base 9) in base 14?
-4b
20131333 (base 4) to base 6
424331
-c1b (base 13) to base 6
-13300
1111101100 (base 2) to base 4
33230
What is -1431 (base 5) in base 9?
-287
What is 78c (base 14) in base 10?
1496
1010044 (base 5) to base 13
753b
-416 (base 15) to base 9
-1233
Convert -10010000110100100 (base 2) to base 16.
-121a4
130511 (base 6) to base 10
11851
-2120012202 (base 3) to base 9
-76182
Convert 10123103 (base 4) to base 16.
46d3
-2724 (base 10) to base 8
-5244
Convert 81b (base 15) to base 12.
1082
-23022221 (base 4) to base 12
-22575
-2267 (base 14) to base 4
-1131103
What is -43a (base 16) in base 11?
-8a4
1110010001 (base 2) to base 13
553
-1000100010011101 (base 2) to base 15
-a568
-6105 (base 7) to base 6
-13440
Convert -21144 (base 8) to base 15.
-291e
What is 151 (base 6) in base 14?
4b
Convert 130422 (base 6) to base 2.
10111000101110
Convert a7b (base 16) to base 15.
bdd
Convert 5999 (base 14) to base 8.
36403
Convert -2033 (base 4) to base 13.
-b0
What is 5300 (base 10) in base 15?
1885
120d (base 15) to base 4
323332
6080 (base 9) to base 3
20002200
What is -b57 (base 16) in base 2?
-101101010111
What is -21005 (base 6) in base 11?
-2128
31550 (base 6) to base 10
4314
Convert -111001001101 (base 2) to base 5.
-104121
Convert -4646 (base 10) to base 3.
-20101002
What is -1284 (base 10) in base 4?
-110010
What is -6370 (base 14) in base 2?
-100001011111110
111100000 (base 2) to base 6
2120
What is 383 (base 15) in base 5?
11143
What is 142 (base 10) in base 6?
354
What is -1a07 (base 13) in base 14?
-15c2
What is 100 (base 5) in base 15?
1a
-33334 (base 5) to base 4
-210220
Convert -1613 (base 8) to base 7.
-2434
What is 4b16 (base 14) in base 2?
11001101100000
Convert -22444 (base 5) to base 16.
-658
What is ca (base 16) in base 12?
14a
What is 2203 (base 4) in base 15?
ad
What is -32142 (base 5) in base 9?
-2873
Convert 20c (base 16) to base 7.
1346
What is 1110101111 (base 2) in base 10?
943
What is -6bc (base 14) in base 12?
-93a
What is -6036 (base 13) in base 4?
-3032223
Convert 1346 (base 7) to base 13.
314
-431c (base 15) to base 6
-145430
ab (base 12) to base 6
335
58544 (base 9) to base 6
500534
221 (base 4) to base 3
1112
4172 (base 9) to base 8
5766
What is 446 (base 9) in base 7?
1032
Convert -1100001100111 (base 2) to base 8.
-14147
714 (base 16) to base 14
936
What is 61d (base 14) in base 10?
1203
Convert -11010011000011 (base 2) to base 9.
-20467
What is 1110 (base 9) in base 16?
333
-352 (base 14) to base 15
-2e0
Convert -f5e (base 16) to base 4.
-331132
What is -36a (base 16) in base 2?
-1101101010
Convert 5445 (base 6) to base 9.
1642
-25665 (base 9) to base 7
-101321
-110122002 (base 3) to base 14
-34db
What is -23032 (base 4) in base 12?
-4ba
-2040240 (base 5) to base 2
-1000010000011100
10022221 (base 3) to base 8
4574
Convert -1011110000 (base 3) to base 12.
-11323
What is -222503 (base 6) in base 8?
-44507
218 (base 14) to base 2
110011110
What is 60d4 (base 14) in base 3?
211211200
Convert -101323 (base 4) to base 10.
-1147
18517 (base 12) to base 15
a6d4
-1101101010 (base 2) to base 5
-11444
Convert 4670 (base 12) to base 6.
100220
-1010011 (base 2) to base 10
-83
2233203 (base 4) to base 7
44520
-4063 (base 7) to base 16
-589
What is -a561 (base 12) in base 14?
-682d
335 (base 16) to base 7
2252
Convert 304 (base 10) to base 14.
17a
42 (base 12) to base 14
38
334310 (base 5) to base 15
378a
Convert -494 (base 12) to base 5.
-10223
Convert 382c (base 15) to base 16.
2ebf
1cb6 (base 14) to base 8
12210
11226 (base 7) to base 5
42422
What is 132011 (base 5) in base 11?
3a49
What is 48b (base 13) in base 11?
65a
210000220 (base 3) to base 6
154553
Convert -a6a (base 16) to base 4.
-221222
What is 3213 (base 7) in base 2?
10001110001
Convert 2ab6 (base 12) to base 5.
130114
-14270 (base 9) to base 6
-112530
-2676 (base 12) to base 10
-4410
Convert 854 (base 10) to base 3.
1011122
221 (base 13) to base 4
11231
Convert -6142 (base 7) to base 10.
-2137
-5d3 (base 14) to base 3
-1121011
What is 1010001010 (base 2) in base 9?
802
What is 5d3 (base 15) in base 16?
52b
Convert -44766 (base 8) to base 12.
-ab5a
What is -a620 (base 14) in base 7?
-146340
What is -2b9 (base 15) in base 16?
-270
1358 (base 9) to base 16
401
What is -1419 (base 11) in base 3?
-2111222
10284 (base 9) to base 12
3b27
What is -13321 (base 4) in base 15?
-23a
Convert -613 (base 9) to base 3.
-200110
What is 661 (base 13) in base 2?
10001000101
What is -244 (base 10) in base 12?
-184
-4809 (base 10) to base 4
-1023021
What is -12687 (base 9) in base 11?
-64a4
Convert -3001200 (base 4) to base 6.
-133200
What is -555 (base 8) in base 16?
-16d
What is -96a6 (base 14) in base 12?
-13082
What is 16571 (base 13) in base 11?
2a080
Convert -666 (base 11) to base 5.
-11143
What is -1021100 (base 3) in base 6?
-4143
Convert 1431 (base 5) to base 3.
22221
What is 1112100 (base 3) in base 12?
790
What is 11100111100011 (base 2) in base 5?
433234
-10a3 (base 16) to base 7
-15263
Convert 2044 (base 7) to base 11.
5a3
Convert 4715 (base 9) to base 10.
3497
What is -3303031 (base 4) in base 14?
-595b
What is -aa15 (base 14) in base 5?
-1420134
Convert 2303 (base 6) to base 5.
4133
What is 343 (base 16) in base 14?
439
What is 25655 (base 7) in base 11?
5169
What is 10c8 (base 13) in base 11?
1857
4434 (base 13) to base 6
112003
Convert 146b0 (base 13) to base 7.
220156
What is 352222 (base 6) in base 16?
7676
Convert -116002 (base 7) to base 5.
-1140033
What is -8785 (base 15) in base 14?
-a660
What is 5067 (base 15) in base 12?
99a4
What is 10011011001110 (base 2) in base 5?
304214
-54524 (base 7) to base 9
-20635
-610c (base 13) to base 10
-13363
73b4 (base 13) to base 5
1003113
Convert 110010221 (base 3) to base 10.
8854
Convert 426 (base 9) to base 8.
534
Convert 7a57 (base 12) to base 11.
a247
8cff (base 16) to base 9
54455
-4b83 (base 12) to base 13
-3bb2
2121012000 (base 3) to base 15
10260
Convert -3641 (base 8) to base 9.
-2610
Convert 1b20 (base 14) to base 2.
1001101000000
116a7 (base 14) to base 13
1644c
What is 283 (base 12) in base 10?
387
What is -15107 (base 8) in base 7?
-25420
Convert 2113 (base 13) to base 16.
11e3
Convert 10000 (base 9) to base 8.
14641
Convert 122002 (base 3) to base 11.
38a
What is 5544 (base 7) in base 3?
2201210
-22315 (base 8) to base 5
-300141
Convert 1001000010110 (base 2) to base 15.
158a
Convert 935 (base 14) to base 4.
130103
Convert -10146 (base 8) to base 9.
-5674
Convert -11202020222 (base 3) to base 8.
-266474
What is 4075 (base 10) in base 12?
2437
Convert 358 (base 10) to base 15.
18d
What is 89c (base 13) in base 10?
1481
-13212013 (base 4) to base 7
-156463
Convert 160e (base 15) to base 2.
1001010000011
What is -5255 (base 15) in base 14?
-64b3
Convert -100110 (base 4) to base 3.
-1102200
What is 58772 (base 9) in base 7?
222